43096, -10468 = -a + 2*b. What is the units digit of a?
6
Suppose 3*p - p - 14 = 2*t, -4 = -4*p - 4*t. Let m(f) = f**3 - 8*f**2 + 23*f - 9. Let o be m(p). Suppose 494 = -17*v + o*v. What is the hundreds digit of v?
2
Let j(w) be the first derivative of 2*w**2 - 6*w - 13. Let x be j(2). Suppose -37 - 271 = -x*s. What is the units digit of s?
4
Suppose m - 4848 = -4*w, 2*w = -4*m - 9140 + 28532. What is the tens digit of m?
4
Let h = -30 + -20. Let s = h - -52. What is the units digit of ((-20)/15)/s - (-802)/6?
3
Let w = -65 + 70. Suppose -55 = -4*g + 4*l - 9*l, -5*g - w*l = -65. What is the tens digit of (13340/25)/4 - (-6)/g?
3
What is the thousands digit of 3139 + (6 - (7/(-28) + 25/4))?
3
What is the tens digit of 31746 - ((-26)/(-117) - 552/54)?
5
Let w(q) = q - 13. Let u be w(9). Let a = 10 + u. What is the tens digit of 5/(10/a)*(2 + 2)?
1
Suppose 0 = -3*m - 0*m + 462. Suppose 0 = -4*p, z + 4*z - 25 = -5*p. Suppose z*d - m = 411. What is the tens digit of d?
1
Suppose 16 = 4*r, -r - 114 = -4*m - 30. Let j = m - -103. What is the hundreds digit of j?
1
Suppose -5*o = -2*d + 6, -o + 16 = 5*d + 1. Let m be (0 - d)/1 + 431. Let t = m - 204. What is the units digit of t?
4
Let o = -224 - -657. Suppose 111 = -2*p + o. What is the hundreds digit of p?
1
Let q be -2*((-745)/(-10) - -4). Let g be ((-2)/6*q)/(39/234). Suppose -8*l + 10*l = g. What is the hundreds digit of l?
1
Suppose 34*c - 1170133 = 520959. What is the units digit of c?
8
Let l be 50/(-10)*(-828)/10. Let m = -333 + l. What is the units digit of m?
1
Let q(t) = -156*t + 3393. What is the hundreds digit of q(12)?
5
Let s(f) = 114*f - 247. Let l(b) = 38*b - 83. Let u(k) = 7*l(k) - 2*s(k). What is the tens digit of u(27)?
3
Let a = 4600 - -1336. What is the hundreds digit of a?
9
Let n(v) = -2*v**3 + 7*v**2 - 26*v - 657. What is the units digit of n(-32)?
9
Let w be (0 + 20/(-6))*(11 - 8). Let j be (14 + w)*(-9)/(-4). Suppose -10*n = -j*n - 29. What is the tens digit of n?
2
Let i be (79 - (4 - 2)) + 1. What is the units digit of (-13)/(i/(-332)) + 3/(-9)?
5
Suppose -2*t - y = 3*y - 13000, 5*t - 2*y - 32488 = 0. What is the tens digit of t?
9
Let s be 236 + 10 + -14 - -13. Suppose 0 = 3*i, 0 = -3*k - 0*i + 5*i + 15. Suppose -s - 845 = -k*a. What is the tens digit of a?
1
Let w(o) = o**2 - 11*o**2 + o**2 + 3 - o**3 + 2*o**2 - 2*o**2 - 18*o. What is the tens digit of w(-8)?
8
Let i(v) = -v**3 + 13*v**2 - 14*v + 24. Let a be i(12). Suppose a = -10*z + 9*z + 495. Suppose -z = 19*q - 24*q. What is the tens digit of q?
9
Let z = 8347 - 1669. What is the units digit of z?
8
Let t be ((-6)/(-8) + -1)*-4*17. Suppose 5 = -t*r + 39. What is the units digit of (r - -3)/(1/25)?
5
Suppose 2842*a = 2847*a + 4*r - 151962, 0 = -4*a + r + 121578. What is the tens digit of a?
9
Let c = -358 - -122. Let a be 10/30 - c/3. Suppose 0 = f - 18 - a. What is the tens digit of f?
9
Suppose -2 + 3 = 2*i - 5*d, -3*d = -3. Suppose -3*j + s = -1992, -388 = -4*j + s + 2269. Suppose 2*w - j = -i*w. What is the tens digit of w?
3
Let l = 288 - -498. Suppose -r + 4 = 0, -t - 4*r = 4*t - l. What is the tens digit of t?
5
Suppose -3*z + 32164 + 12548 = 2*d, z = -5*d + 111806. What is the thousands digit of d?
2
Let y = 39 - 22. Let u = 10 - y. What is the units digit of 28/8*(-2)/u?
1
Let b(t) = 2545*t + 910. What is the tens digit of b(7)?
2
Suppose -4*z + t - 10 = -t, 0 = -2*z - 5*t + 25. Let l be 1 - (3 + z + 0). Let y = 11 - l. What is the tens digit of y?
1
Let t be 16/(-80) + 36/5. Let k(c) = c**3 - 5*c. Let j be k(t). Suppose -3*o = -j + 23. What is the tens digit of o?
9
Suppose 8*s + 133*s + 18*s - 3802167 = 0. What is the thousands digit of s?
3
Let k be (-321)/(-6) + (-36)/24. Suppose -3*o + 2*q = -7*o + 120, 0 = -2*o - 3*q + k. What is the tens digit of o?
3
Let i = -5250 + 12246. What is the hundreds digit of i?
9
Let b(t) = 13*t**3 - 2*t**2 - 3*t + 2. Suppose -3*a + 12 = 9*a. Let s be b(a). Suppose s*k - 605 = 5*k. What is the tens digit of k?
2
Let k be (-32)/(-3) + 4/18*-3. Let o be 44*(3 + (-220)/(-8)). Suppose -u + o = k*u. What is the tens digit of u?
2
Suppose -18*y + 14 = -16*y. Suppose y*n - 16 = 3*n. Let c(l) = l**3 + l**2 - 2*l - 3. What is the units digit of c(n)?
9
Suppose -3*q + 30 = 5*s, -13*q + 17*q + s = 23. Suppose 4*c = -4*p + 2699 + 321, -q*p + 3787 = c. What is the units digit of p?
8
Let o = 107 - -101. Let g be 46/10 - (-6)/(-10). What is the tens digit of (-2 + o)*((-9)/(-2) - g)?
0
Let p be -3*(-5)/((-15)/(-8)). Let r(z) = -z + 12. Let a be r(p). Suppose -2*x = 5*o - 166, -2*x + a*x + 38 = o. What is the units digit of o?
4
Let l = 7856 + -1388. What is the thousands digit of l?
6
Suppose -3*h + 482 = 470. Suppose h*j - 135 = -3*q + 55, q + 3*j - 65 = 0. What is the units digit of q?
2
Let a = 28819 - 18379. What is the thousands digit of a?
0
Suppose -2*v + 2609 + 5851 = 0. What is the thousands digit of v?
4
Suppose 10*f - 3*f - 315 = 0. Let b be (-16)/6*f/(-12). Suppose -1085 = -b*p + 105. What is the units digit of p?
9
Let q = -263 - -294. Suppose 0 = -q*w + 4422 + 11171. What is the units digit of w?
3
Suppose 4*s = 4*v - 123840, 18*v - 15*v + s = 92900. What is the ten thousands digit of v?
3
Let k(p) = 6*p**3 + 3*p**2 + 4*p - 4. Let q be k(3). Let i = -124 - 16. Let y = q + i. What is the units digit of y?
7
Let c = 61 - 48. Suppose c*y - 6*y = 700. What is the tens digit of y?
0
Let l = -132 + 133. Let j(d) be the first derivative of 16*d**2 + d + 1. What is the tens digit of j(l)?
3
Let f be (-6)/(-8) + 9699/12. Suppose 0 = -2*g - 3*m + 2804 + f, g = -4*m + 1819. What is the tens digit of g?
9
Suppose -1429200 + 241618 = -22*m. What is the tens digit of m?
8
Suppose -54*h + 149*h = 817380. What is the units digit of h?
4
Suppose 7*q - 589383 = -6*q - 64352. What is the tens digit of q?
8
Let g(r) = -2*r + 15 + r**3 + 0*r**3 + 7*r**2 + r**2 - 6*r. Let y be g(-9). Suppose 7*j + y*j = 663. What is the units digit of j?
1
Let d = -390 - -230. Let k = d - -365. What is the hundreds digit of k?
2
Let k(x) = -539*x**2 + 26*x - 47. Let f be k(2). Let w = -1307 - f. What is the hundreds digit of w?
8
Suppose -1 - 9 = -10*m. Let u be (m + -2)*-22 - 3/1. Let d = u - 5. What is the units digit of d?
4
Let n be 95/(-76)*16/(-2). Suppose n*x = -10*x + 10660. What is the units digit of x?
3
Let h = 59 - 62. Let n = 3 - h. Let f(p) = 3*p**2 - 10*p + 3. What is the units digit of f(n)?
1
Suppose y - 13455 + 1133 = -4*w, -36868 = -3*y + 2*w. What is the tens digit of y?
9
Let f be 2*2 + 2*-1. Suppose -20*t + 69 - 3 + 54 = 0. Suppose -f*c - t*c = -72. What is the units digit of c?
9
Let q(l) = -l**3 + 18*l**2 - 11*l + 30. Let f be q(18). Let c = -466 + 731. Let a = c + f. What is the units digit of a?
7
Let a = 191908 - 135310. What is the hundreds digit of a?
5
Let r(j) = 2315*j + 7268. What is the tens digit of r(12)?
4
Let c(w) = 4*w + 48. Let q be c(-10). What is the hundreds digit of (8195/20 - -11) + 2/q?
4
What is the hundreds digit of ((-11416)/10)/(18/(-45))?
8
Let a = 790 + 4071. Suppose 4*i - a = 3*l + 410, -5*i = -2*l - 6587. What is the units digit of i?
7
Let o = 7781 - -12452. What is the tens digit of o?
3
Let l(w) = -1803*w + 15068. What is the thousands digit of l(-7)?
7
Let u be 1*((-15)/(-45) + (-2)/(-3)). Let n be 44/33*(-2 + u + 4). Suppose -d = 3, -2*o + n*d + 215 = -o. What is the units digit of o?
3
Let s be (-2)/(-6)*(-3 + 0). Let l be (-42)/28 + 2 + s/2. Suppose -2*t - 15 + 91 = l. What is the units digit of t?
8
Let m(o) = o + 1. Let c(l) = 6*l**2 + 14*l - 41. Let x(z) = c(z) - 2*m(z). Let h be x(-11). What is the units digit of (-12)/(-48) - h/(-4)?
8
Suppose -10*t = -6*t - 8. Suppose -t*b + 5*i = -44, -4*b = -0*i + i - 44. Let z(p) = -p**3 + 13*p**2 - p - 15. What is the tens digit of z(b)?
1
What is the units digit of (6880/(-6020))/(2/(-43211))?
2
Let a(i) = i**3 + 5*i**2 - 28*i - 11. Let r be a(-8). Suppose -11*p = -r*p + 4290. What is the tens digit of p?
2
Let b(y) = -176*y**3 - y**2 - y + 10. What is the thousands digit of b(-4)?
1
Suppose 0 = -7*r + r + 1818. Suppose -r = -7*z - 9. What is the tens digit of z?
4
Let a = 1268 + 590. What is the tens digit of a?
5
Let p(u) = -27*u - 107 + 47*u - 31*u. What is the tens digit of p(-14)?
4
Let v(f) = 25*